= -m**3 - 2*m**2 + m - 2. Calculate a(s).
4
Suppose q + k = 29, 5*k = -2*q + 1 + 51. Suppose -25 = -5*a - 3*c, -4*a - 2*c + 20 = -c. Suppose 0 = a*t - 6 + q. Let d(w) = -w**2 - 7*w - 6. Determine d(t).
4
Let f(k) = 10*k + 5. Let h(s) = -11*s - 6. Let d = -11 + 5. Let q(j) = d*f(j) - 5*h(j). What is q(-1)?
5
Suppose -4 = 4*o - 20. Suppose 2*i + 2*i = -o. Let b(q) = -4*q + 1. Calculate b(i).
5
Let t(d) = d. Let h(s) = -s**3 + 4*s**2 + 12*s - 1. Let n(w) = w**3 - 4*w**2 - 13*w + 1. Let j(v) = 7*h(v) + 6*n(v). Let y be j(5). What is t(y)?
4
Let b(a) = a**2 + 5*a - 7. Let v(x) be the third derivative of -x**5/60 + 2*x**3/3 + 3*x**2. Let p be -1 - 5/((-5)/4). Let r be v(p). Calculate b(r).
-7
Let y(x) = -3*x + 3. Let w(p) = 4*p. Let o be w(1). Suppose -4*u + 32 = 5*l, -o = -4*u + 5*l - 12. Determine y(u).
-6
Let o(q) = -q**2 + 3*q + 3. Let k be (-84)/(-9) + 1/(-3). Suppose -4*f + 49 = -87. Suppose k = -5*a + f. Determine o(a).
-7
Let w(t) = -t**2 + 6*t + 1. Let m be 5 + 4 + (-2 - 0). Give w(m).
-6
Let u(v) = 14*v**2 - 6*v + 6. Let f(z) = -z**2 + z - 1. Let t(s) = -5*f(s) - u(s). Calculate t(1).
-9
Suppose -i + 22 = 7. Let w = i + -16. Let j(g) = 3*g**2. Calculate j(w).
3
Let s = -6 + 9. Let j(q) = 4 + s - 3 - 4*q + 2*q. Give j(4).
-4
Let f(q) be the second derivative of -q**4/4 + q**3/6 - q**2/2 - 28*q. Calculate f(2).
-11
Let f(w) = 10*w - 1. Let k be -2 + -3 + -2 + 6. What is f(k)?
-11
Let c = 65 + -56. Let i(k) = k - 8. What is i(c)?
1
Suppose -3*k - c + 5 = 0, -c = k + 2*c - 7. Let m(h) = -7*h - 1. What is m(k)?
-8
Let d(t) = -3*t**2 - 3*t + 2. Let v(n) be the first derivative of -5*n**3/3 - 3*n**2 + 3*n - 1. Let q(y) = 7*d(y) - 4*v(y). What is q(-2)?
-8
Let i(c) be the second derivative of 3*c + 1/6*c**3 + 0*c**2 + 0. Determine i(0).
0
Let d = -7 - -11. Let r(k) be the third derivative of -k**6/120 + k**5/12 + k**4/24 - 2*k**3/3 - 29*k**2. What is r(d)?
16
Let x = 1 - 6. Let n(a) = a + 4. Give n(x).
-1
Let i(j) = -j**2. Let u(h) = -3*h**2 - 7*h - 2. Suppose 2*n = 7*n - 10. Let f(v) = n*i(v) - u(v). Determine f(-4).
-10
Let v(f) be the second derivative of -3*f**3/2 + f**2 + 14*f. What is v(-2)?
20
Let r(a) = -3*a - 3 - a - a + 4*a. Let q be 30/8 - (-2)/8. Let u(k) = -k + 1. Let d(o) = q*u(o) - r(o). What is d(5)?
-8
Suppose -9 = 5*l + 11. Let z(f) be the second derivative of -f**4/12 - 5*f**3/6 - 5*f**2/2 - 14*f. What is z(l)?
-1
Let a be (-1)/(-2) + 3/2. Let v(y) = -y**2 - a*y + 5*y + 2 + 2*y. Determine v(5).
2
Let d(b) be the second derivative of b**4/12 - 5*b**3/6 - 3*b**2 + 2*b. Let r(a) = 6*a**3 - a**2 + a - 1. Let c be r(1). Calculate d(c).
-6
Let r(a) be the second derivative of -a**3/3 - 3*a**2/2 + 7*a. Calculate r(-5).
7
Suppose c - 24 = -4*z, 5*z - 3*z + 3*c - 22 = 0. Let x(g) = -11*g - 23. Let i(q) = -9*q - 21. Let u(j) = 6*i(j) - 5*x(j). What is u(z)?
-6
Let q = 3 - -3. Let j be (-3)/(-4)*(q - 2). Let a(o) = 3 + o + 2 - 6 + j*o**2. Give a(-2).
9
Let r(k) = k**3 + 8*k**2 + 8*k + 7. Let o be r(-7). Let t(y) = o*y - 2*y + 2 - y. Calculate t(-2).
8
Let y(p) = -p. Let n(b) = -10*b - 2. Let s(c) = -n(c) + 12*y(c). Let a = -5 + 10. Determine s(a).
-8
Let k(a) = a + 2. Suppose i + 5*r = -2*i + 11, -2*i = 2*r - 6. Suppose -2*y - 2*n = y - 15, 4*n - 10 = -2*y. Suppose -y = p - i*p. What is k(p)?
7
Let a(u) = -82*u**2 - 7 + 88*u**2 + 115*u**3 - 116*u**3. Let q = 1 + 5. Calculate a(q).
-7
Let n(u) = -5*u**2 + 3*u - 3. Let x(w) = 11*w**2 - 6*w + 7. Let b(r) = 9*n(r) + 4*x(r). Let k = 13 + -9. Calculate b(k).
-3
Let i(s) = s**2 - 6*s + 2. Let n = 5 + -3. Suppose 0*f = 5*f + 10. Let y = n - f. Give i(y).
-6
Let o(l) = l - 2. Suppose r - 12 = 3*r. What is o(r)?
-8
Let b(c) = -2*c - 8. Let q = 33 - 26. Let t be ((-6)/q)/(4/28). Give b(t).
4
Let g(h) = -h**3 - 7*h**2 - 8*h - 8. Suppose 0 = -3*y - 5*o - 23, -4*y + 0*o - 19 = -5*o. Let b be g(y). Let v(j) = -j + 4 - b. Determine v(4).
-4
Let m be (-5)/(-80)*(-6)/(-9). Let z(y) be the third derivative of 0*y - 2*y**2 + 0*y**3 + m*y**4 + 0. What is z(-2)?
-2
Let q(s) = -s**2 + 4. Let f = -1 - 2. Let z(g) = -g**3 - 2*g**2 + 3*g + 3. Let y be z(f). Determine q(y).
-5
Let t(b) = -4*b + 2*b - 1 + 10*b**2 - 3*b**2. Give t(-1).
8
Let j(m) = 3*m - 26. Let k be j(6). Let f(i) = -2*i - 8. Determine f(k).
8
Let u be -1*((-64)/34 + (-10)/85). Let l(o) be the first derivative of -3*o - 2 + 3/2*o**u. Determine l(4).
9
Let c(i) = -2*i**3 - 2*i**2 + i. Let a be c(1). Let z be (-2)/5 + 54/10. Let o(v) = 0*v - 4*v + z*v + 2. What is o(a)?
-1
Suppose -3*r = 3*k - 5*k - 15, 0 = -k - r + 5. Let a(w) be the second derivative of -1/2*w**3 + w - 1/12*w**4 + k + 2*w**2. Give a(-5).
-6
Let z(x) be the second derivative of -x**7/840 + x**6/90 - x**5/24 + x**4/8 - x**3/2 - 2*x. Let k(j) be the second derivative of z(j). Give k(3).
-3
Let s = -4 + 8. Let x(b) be the first derivative of b**4/4 - b**3 - 5*b**2/2 + 4*b + 2. Determine x(s).
0
Let o(q) be the first derivative of q**4/4 - 2*q**3 + q**2/2 - q + 1. Suppose 9*z + 12 = 11*z. Calculate o(z).
5
Let h(k) = -k**2 - k + 1. Suppose -2*f - 12 = 2*l, 0 - 18 = 4*l + 2*f. Determine h(l).
-5
Let z(p) = -6*p**3 - p**2 - p - 1. Let u(k) = -k**3 + 2*k**2 - k + 1. Let m be u(2). Give z(m).
5
Let w(f) = -5*f + 2. Let b(d) = 4*d - 2. Let s(n) = -4*b(n) - 3*w(n). Let p be (-84)/(-15) - (-2)/5. What is s(p)?
-4
Let i(p) be the third derivative of p**4/24 + p**3/6 + 3*p**2. Let s(h) = h**2 + 10*h + 6. Let y be s(-9). Calculate i(y).
-2
Let c be (-8)/(-3) - (-2)/(-3). Let i(j) = -3*j**c - 2*j**2 + 2 - 7 - j**3 - j. Give i(-5).
0
Let g(n) = -n**3 - 2*n**2 + 4*n + 3. Let j be g(-2). Let l(b) = -b**2 - 6*b - 7. Calculate l(j).
-2
Let c(o) = -o + 6. Let z be -4*(-5)/40*10. Determine c(z).
1
Let r be (-2)/7 + (-9)/(-7). Let t be (r - -3)*1/1. Let f(x) = x**2 - 4*x - 2. Determine f(t).
-2
Let n(d) = d**2 - d + 1. Let x(g) = 7*g**2 - 4*g + 8. Let u(a) = 6*n(a) - x(a). Determine u(-3).
-5
Let c(a) = -a - 6. Suppose 4*g = 8*g + 12. Determine c(g).
-3
Suppose 4*g = 3*k - 6*k + 20, -4*k + 14 = -g. Let s be (0 + -2 + g)/(-1). Let h(l) = l**2 - l + 3. Calculate h(s).
3
Let q(h) = -2*h**2 - 12*h - 22. Let l(n) = -3*n**2 - 18*n - 32. Let b(m) = -5*l(m) + 7*q(m). Determine b(-5).
1
Let b(u) = u**3 - 5*u + 4. Let a(i) = -4*i + 3. Let w(h) = -4*a(h) + 3*b(h). Let z(f) = -f**2 + 6*f + 4. Let d be z(6). Let t be -6*d/6 - -3. What is w(t)?
-4
Let r(s) = 9*s**2 + 7*s - 3. Let n(c) = 4*c**2 + 3*c - 1. Let v(l) = 7*n(l) - 3*r(l). Let h = 9 - 7. Suppose f - 4 = -h. Give v(f).
6
Let j(l) = 28*l - 24. Let b(f) = -f + 1. Let v(t) = 24*b(t) + j(t). Calculate v(-5).
-20
Let y(m) = 2*m - 4. Let d(c) = 2*c - 8. Let f be d(6). Let w be y(f). Let l(t) = -2*t. Determine l(w).
-8
Let k(r) = 7*r - 64. Let w be k(9). Let m(d) = -d**2 - d - 1. Calculate m(w).
-1
Suppose 0 = 2*t + 3*t - 10, m = 3*t. Let b(s) = s + 3. Give b(m).
9
Suppose 3*l = -l - 12, 5*l + 12 = k. Let j(w) = -4*w**2 + 8*w + 7. Let y(o) = -7*o**2 + 15*o + 13. Let d(h) = k*y(h) + 5*j(h). Give d(6).
2
Let u be (2/(-4))/(15/(-210)). Let y(d) = d**2 - 7*d + 2. Determine y(u).
2
Let y(b) = -7. Let k(w) = -3 + 5 - 1. Let a(l) = -6*k(l) - y(l). Let n(h) = -h**3 + h - 4. Let f(r) = -3*a(r) - n(r). Calculate f(-2).
-5
Let i(q) = -3*q**2 - 20*q + 8. Let m be i(-7). Let p be 3/6 + (-10)/(-4). Let v(x) = 3*x**3 - x**2 + 0*x**2 - 2*x + p*x. Give v(m).
3
Let g = 9 - 4. Let b(k) = -3*k - 7. Let w(m) = 4*m + 8. Let a(t) = g*b(t) + 4*w(t). Determine a(0).
-3
Let n(p) = p + 7. Let w be n(-5). Suppose -2 - w = -2*g. Suppose g*f - 6*f = -k - 23, -5*f + 16 = 3*k. Let r(v) = -v**2 + 8*v - 3. Calculate r(f).
12
Let z(u) = 2*u**2 - 3*u - 2. Let o = -12 + 4. Let p be (2 + (-20)/8)*10. Let f = p - o. Give z(f).
7
Let y(b) = -6*b - 1. Let x(i) = -i**2 - 7*i - 5. Let m(t) = -2*t + 6. Let s be m(6). Let d be x(s). Determine y(d).
-7
Let k(z) = -3*z + 2. Let f(t) = t. Let q be f(4). Suppose -q*i - 4 = -20. Calculate k(i).
-10
Let q be 25/(-4) + (-6)/(-24). Let n(l) = -l**3 - 7*l**2 - 6*l + 8. Calculate n(q).
8
Let h(z) = 2*z - 7. Let g(f) = f**2 + f + 2. Let t be g(-2). Suppose 0 = n - 1 - t. Determine h(n).
3
Let i = 2 - -1. Suppose 2*a - a = -2, i*b - 3*a = -6. Let p(m) = 2*m - 3 + 0 + 7. What is p(b)?
-4
Let u = -140 - -136. Let k(b) be the first derivative of -b**2/2 + 3*b - 1. Give k(u)